 2696292961 a composite number?
False
Is 934800283 a composite number?
False
Is 493332103 composite?
True
Is 1232299277 a composite number?
True
Is 165182648259 composite?
True
Is 154671115129 a prime number?
False
Is 365389243 composite?
True
Is 86332999 prime?
True
Is 503669629 a prime number?
True
Is 20715518951 prime?
False
Is 22535128471 composite?
False
Is 301677731 prime?
True
Is 1149999749 prime?
False
Is 261055009 a prime number?
False
Is 1316361769 a composite number?
True
Is 9469168937 a prime number?
False
Is 938274431 composite?
False
Is 5292668489 composite?
False
Is 531675103 composite?
True
Is 146800567 a prime number?
False
Is 97786127 composite?
False
Is 9732233089 prime?
True
Is 696994489 a prime number?
False
Is 33447954271 composite?
True
Is 16726969801 a composite number?
True
Is 46104337835 a prime number?
False
Is 4939124221 a composite number?
False
Is 515061749 prime?
True
Is 109101779403 a prime number?
False
Is 9385988173 a prime number?
False
Is 351285751 prime?
True
Is 187360313389 a prime number?
True
Is 381187007 a prime number?
True
Is 75100789 composite?
False
Is 16123181509 composite?
False
Is 11493861091 prime?
False
Is 21256625707 composite?
False
Is 7708647946 composite?
True
Is 108559081 a prime number?
True
Is 21032577337 prime?
True
Is 2713729639 a prime number?
False
Is 1845572753 composite?
True
Is 138761171909 prime?
False
Is 875271017 prime?
True
Is 1501573927 prime?
False
Is 58554664463 a composite number?
True
Is 9515660299 prime?
True
Is 162564071 prime?
True
Is 1347885719 prime?
True
Is 10305042967 composite?
False
Is 319432111 composite?
False
Is 13179964079 composite?
False
Is 503470049 a prime number?
True
Is 1061986841 composite?
False
Is 2873569505 composite?
True
Is 14476696189 composite?
False
Is 39278506493 a prime number?
True
Is 287235623 a prime number?
True
Is 17844616489 a composite number?
True
Is 389418286999 a composite number?
True
Is 6447041509 a prime number?
False
Is 431449453 a composite number?
False
Is 1390199765 a prime number?
False
Is 22047872069 prime?
True
Is 893360617 composite?
False
Is 28334315705 a composite number?
True
Is 59932409 composite?
True
Is 2468565719 prime?
True
Is 2569054489 a prime number?
True
Is 5615234203 a composite number?
False
Is 1465693121 a composite number?
False
Is 12548834473 composite?
True
Is 13492860091 a composite number?
True
Is 41430234619 a composite number?
False
Is 868403057 prime?
False
Is 1976094149 prime?
True
Is 36215833177 prime?
False
Is 1201076867 prime?
False
Is 22980192881 a prime number?
True
Is 21588899191 a prime number?
False
Is 2699094577 composite?
True
Is 15320227 a composite number?
True
Is 2287448839 a prime number?
False
Is 200086843 composite?
True
Is 43814742485 prime?
False
Is 11226426997 composite?
False
Is 61760393053 a composite number?
True
Is 95677763491 a composite number?
False
Is 210847409 a composite number?
True
Is 1179002329 a composite number?
False
Is 81737520467 composite?
True
Is 335741299 prime?
True
Is 5138002931 a prime number?
True
Is 1301292815 a composite number?
True
Is 371935153 a composite number?
False
Is 15455660117 a composite number?
False
Is 128168069 a prime number?
True
Is 48997514 composite?
True
Is 24624400343 a composite number?
False
Is 298151617 a composite number?
False
Is 39127500151 composite?
True
Is 30066298081 a composite number?
True
Is 31906503455 a composite number?
True
Is 1048805357 a composite number?
False
Is 4409439317 a prime number?
True
Is 12625340243 composite?
False
Is 5906425561 prime?
False
Is 80811845018 a prime number?
False
Is 1331316013 a prime number?
True
Is 32985091441 prime?
False
Is 350003081 a composite number?
False
Is 9894187913 prime?
False
Is 1303824583 a composite number?
False
Is 15535548593 prime?
False
Is 452766719 a composite number?
False
Is 394705229 composite?
False
Is 1977677657 composite?
True
Is 15070873799 prime?
False
Is 139013479867 a composite number?
True
Is 1682801399 a prime number?
True
Is 86721970453 composite?
False
Is 9568279327 composite?
True
Is 2428866059 prime?
True
Is 18426609335 composite?
True
Is 7745688101 a prime number?
False
Is 3637997683 prime?
True
Is 15026313677 a composite number?
True
Is 8817816827 a prime number?
False
Is 7572143287 a composite number?
False
Is 19018631278 composite?
True
Is 12857840117 composite?
False
Is 351079999 a composite number?
True
Is 1717346747 prime?
False
Is 9140708897 prime?
False
Is 551184533 a composite number?
False
Is 3567981023 prime?
False
Is 110837353 prime?
False
Is 744154667 composite?
False
Is 1058810993 a composite number?
True
Is 2471263589 prime?
False
Is 15935270161 a composite number?
True
Is 1491087553 a composite number?
True
Is 6183736199 prime?
True
Is 133813746545 prime?
False
Is 270099787 prime?
False
Is 573655234 prime?
False
Is 72272063 a composite number?
True
Is 21995065691 a composite number?
False
Is 547816705 prime?
False
Is 103071328091 a prime number?
True
Is 2461685807 prime?
False
Is 249339259 composite?
True
Is 582688591 a composite number?
False
Is 22421033039 a prime number?
False
Is 656108819 a prime number?
True
Is 3028511819 composite?
False
Is 40314407834 a composite number?
True
Is 9980419139 a prime number?
False
Is 9392463137 a composite number?
False
Is 17302232621 prime?
False
Is 443863081709 composite?
True
Is 525372833 a prime number?
True
Is 87674504219 prime?
False
Is 2171381111 a composite number?
False
Is 3322068187 prime?
True
Is 2423656559 prime?
False
Is 4123574953 composite?
True
Is 4704141385 composite?
True
Is 14500989911 composite?
True
Is 856531301 prime?
True
Is 1316718919 a composite number?
True
Is 2660155361 a prime number?
False
Is 134521949 a prime number?
True
Is 223950263 a composite number?
True
Is 1192422107 a composite number?
True
Is 6188632421 a composite number?
True
Is 422671001 prime?
False
Is 145710451739 prime?
True
Is 250831042273 prime?
False
Is 22190974547 composite?
True
Is 1187710057 prime?
True
Is 6845101469 a prime number?
True
Is 1294638679 a prime number?
True
Is 152661284353 a composite number?
False
Is 84773309 a composite number?
False
Is 8884970203 composite?
False
Is 1137778241 composite?
False
Is 658870387 composite?
True
Is 1164912121 a composite number?
False
Is 2201536759 prime?
True
Is 843878663 prime?
True
Is 105713567 prime?
False
Is 2734249781 a prime number?
False
Is 427334261 a prime number?
True
Is 21257357003 composite?
False
Is 630603033839 a prime number?
True
Is 4301385483 a prime number?
False
Is 154024032802 a composite number?
True
Is 363846531 prime?
False
Is 468752623 a prime number?
True
Is 1108895213 a prime number?
True
Is 248477891 a composite number?
False
Is 3050106173 prime?
True
Is 16934499147 a composite number?
True
Is 51725227649 composite?
True
Is 78392990699 a prime number?
False
Is 110294741237 composite?
False
Is 23006163649 a composite number?
True
Is 5148363889 prime?
True
Is 145124873 prime?
False
Is 136207451899 a composite number?
False
Is 4588707103 composite?
False
Is 309748711 composite?
True
Is 6634733627 a prime number?
True
Is 37551296683 composite?
True
Is 2819226889 a composite number?
False
Is 2114417171 composite?
False
Is 208980934 a prime number?
False
Is 6016255433 composite?
False
Is 3215878871 a prime number?
True
Is 140109568361 a composite number?
True
Is 60763336819 a prime number?
True
Is 5692711373 composite?
True
Is 185224355 a composite number?
True
Is 1251608861 composite?
False
Is 1618733315 a composite number?
True
Is 16328058895 a prime number?
False
Is 759816931 a prime number?
True
Is 28510857737 a composite number?
False
Is 116810401 composite?
False
Is 226103357 a prime number?
True
Is 4733304269 a composite number?
True
Is 57312948557 a composite number?
True
Is 1903765541 prime?
True
Is 602199341 a composite number?
False
Is 13617362147 a prime number?
False
Is 1065607817 a composite number?
True
Is 2364691661 a composite number?
True
Is 420755579 prime?
True
Is 4588400483 prime?
False
Is 3775246771 prime?
False
Is 55129066493 prime?
True
Is 44175305809 a composite number?
True
Is 3565782203 composite?
True
Is 8598801767 a prime number?
True
Is 4745503781 a composite number?
True
Is 712306853 prime?
True
Is